9 and q.
13
Let p = 65 + -36. What is the greatest common factor of p and 87?
29
Let r be 1/(5/(6 + -1)). What is the highest common factor of r and 20?
1
Let n(y) = -y**3 + 6*y**2 + 2*y + 7. Let d be n(5). What is the highest common divisor of d and 6?
6
Let y(b) = 16*b**2 + b - 1. Let h be y(1). Let u(d) = d**2 - d - 2. Let t be u(-6). What is the highest common factor of t and h?
8
Suppose -2*g = 3*b - 27, -5*g + 4*b = -0*g - 125. Let p = 11 - g. Let c be (0 + (0 - 1))*p. What is the greatest common factor of c and 40?
10
Let r = -15 + 43. What is the highest common divisor of 21 and r?
7
Let w = -34 - -65. What is the greatest common factor of w and 248?
31
Let r = 67 + -44. What is the highest common divisor of r and 184?
23
Let x = 3 + -1. Suppose 2*s - 5 = 7*s. Let h be (-2 - 6)/(s + 0). What is the greatest common divisor of h and x?
2
Suppose 7*z - 1800 = -2*z. What is the greatest common factor of z and 20?
20
Let s = 47 + -17. Suppose 0*q + 375 = 5*q. Calculate the greatest common divisor of q and s.
15
Let y(c) = -7*c**2 - 9*c - 15. Let o(k) = 14*k**2 + 19*k + 31. Let m(f) = -6*o(f) - 13*y(f). Let z be m(4). Calculate the highest common divisor of z and 19.
19
Let m(c) = -c**3 + 7*c**2 + 9*c. Suppose 3*u + 2*o = -2*o + 4, 0 = -5*o - 25. Let a be m(u). Calculate the highest common divisor of 2 and a.
2
Let m be 16/10*(2 + (-2)/(-4)). What is the greatest common divisor of 52 and m?
4
Let a(u) = u**3 - 4*u**2 + 4*u - 1. Let s be a(3). Suppose s*z - 18 = 54. What is the greatest common divisor of 6 and z?
6
Suppose 2 = 2*k - 6. Let x be 50/15*42/5. What is the greatest common factor of k and x?
4
Suppose 5*g - 4*a = -45 - 64, -3*a + 63 = -3*g. Let t be 40/g*(-7 + -3). Calculate the greatest common divisor of t and 176.
16
Suppose 0*v - 35 = -f + 5*v, v = f - 35. Suppose -a - 3*h = 8, -2 = 2*a - 5*h - 19. Let c = 6 - a. Calculate the highest common factor of f and c.
5
Suppose 14*u - 5*u = 63. Calculate the greatest common divisor of u and 56.
7
Let h = 87 - 59. What is the highest common divisor of h and 196?
28
Let q = 15 - 10. Let s = q - 1. What is the highest common divisor of 2 and s?
2
Let r = -244 - -256. Let t = -14 + 25. Let q = t - -19. What is the greatest common factor of r and q?
6
Let h(c) = 3*c + 104. Let m be h(-30). Calculate the greatest common divisor of m and 182.
14
Suppose 0*c + 36 = -4*c. Let n = c + 14. Calculate the highest common divisor of 25 and n.
5
Let l be 3 - (-1)/((-1)/(-2)). Calculate the greatest common divisor of l and 5.
5
Let m be (-2)/(-2) - (-1675)/5. Suppose -2*c + m = 14. What is the greatest common divisor of c and 23?
23
Suppose -2*o = 3*o - 75. What is the highest common divisor of 3 and o?
3
Let v = -44 - -58. What is the greatest common factor of v and 35?
7
Let q(f) = 6*f**2 - 4*f - 1. Let h be q(2). Calculate the highest common factor of h and 15.
15
Let v(z) = 117*z**2 + z - 4. Let l be v(-2). What is the highest common factor of l and 42?
42
Let f = 36 + -50. Let c = 3 - f. Suppose 5*w = -5*h + 330, -2*h = -0 + 4. Calculate the greatest common divisor of c and w.
17
Let h = 122 - 66. Suppose -5*p - 27 + 111 = y, -2*y - h = -4*p. What is the highest common divisor of p and 144?
16
Suppose 15 = 3*a + n + 4*n, 4*a = n - 3. Suppose 5*g - s = 5, 5*g + 2*s = -s + 5. Suppose a = -m - g + 7. Calculate the highest common divisor of m and 2.
2
Suppose -3*o + 212 + 43 = 0. Suppose 3*i - 51 = -5*u, -u = 5*i + u - o. Calculate the greatest common divisor of i and 119.
17
Suppose 144 = 4*l + 3*k, -4*k = -l + 17 - 0. Let a = -14 + 36. Calculate the highest common factor of a and l.
11
Suppose 6*q = 11*q - 20. Let d(v) = v**3 + 8*v**2 + v + 9. Let u be d(-8). Calculate the greatest common divisor of q and u.
1
Let b(x) = -x**3 - 2*x**2 - 3*x. Let l be b(-2). Suppose 4*u - 27 = 45. Calculate the greatest common factor of u and l.
6
Let m(n) = n**2 + 11*n - 8. Let k be m(-16). What is the greatest common factor of k and 9?
9
Let f = -204 + 358. Calculate the greatest common factor of 22 and f.
22
Let n = 56 - 28. Calculate the highest common factor of 42 and n.
14
Let g = 46 + -40. Suppose -2*r + 4 = -r. Calculate the highest common factor of g and r.
2
Suppose 0 = 4*b - 5*b + 66. Suppose w - b = 3*m, -2*m - m + 78 = w. Calculate the highest common factor of 8 and w.
8
Suppose 2*u + u - 60 = 0. Let c be (-350)/u*(-24)/10. Suppose -4*j = -5*v + c, -5*j = -3*v + 2*v. Calculate the highest common divisor of v and 5.
5
Suppose 0 = -2*x - 4*o + 312 + 2, 0 = 4*x - 2*o - 598. Let h = x + -88. What is the greatest common divisor of 7 and h?
7
Let d(a) = a + 66. Let q be d(0). Let c be 1 + q + (4 - 3). Suppose -o + 143 = 5*k - 41, -2*k + c = -o. Calculate the highest common divisor of k and 12.
12
Let u = -26 - -53. Let r be 0 + 0 + (11 - 8). Calculate the highest common divisor of u and r.
3
Suppose 1 = 5*a - 4. What is the greatest common divisor of a and 1?
1
Suppose -4*h + 32 = 3*c - 2*h, 4*c - 24 = 2*h. Let i be (-61)/(-7) + (-4)/(-14). Let f be 6/i - 20/(-6). What is the greatest common divisor of c and f?
4
Let a = -6 - -3. Let d = a + -7. Let x be 1*14 + 10 + d. Calculate the highest common divisor of 154 and x.
14
Let t(v) = -64*v - 1. Let m be t(-1). Let s = -7 + 7. Suppose -5*y = -5*r - 55, 3*y + s*y - 9 = -3*r. Calculate the highest common divisor of m and y.
7
Let n be ((-11)/5 - -3)/((-4)/(-230)). Calculate the greatest common divisor of n and 46.
46
Suppose -66 = -3*h + 6*h. Let k = h + 50. Suppose -j - k + 163 = 0. Calculate the highest common factor of 15 and j.
15
Let p be 7 + 1 + (-96)/(-24). What is the greatest common divisor of 6 and p?
6
Suppose 417 + 9 = -2*w. Let f = -117 - w. What is the highest common factor of f and 12?
12
Suppose 0 = -0*o - 3*o + 21. Suppose 3*x - 17 - 25 = 0. What is the highest common divisor of x and o?
7
Let p be 2/(-2 - (-416)/204). What is the highest common factor of 34 and p?
17
Suppose 0 = y - 2*y + 2. Let s be (12/(-15))/(y/155). Let c = 18 - s. What is the highest common factor of c and 10?
10
Suppose 0 = -4*x - 0*x + 160. Let d = 77 + -67. What is the greatest common divisor of d and x?
10
Let z = 15 - -17. What is the greatest common divisor of z and 80?
16
Let a(n) be the first derivative of 39*n**4/4 - 2*n**3/3 + n - 3. Let l be a(-1). Let o be (416/l)/(2/(-20)). What is the highest common divisor of 13 and o?
13
Let w = -21 + 63. What is the highest common factor of 126 and w?
42
Suppose 2*g + 4*o = 2*o + 36, 3*g - 2*o - 39 = 0. What is the greatest common divisor of g and 60?
15
Suppose -3*z + 29 = -43. Calculate the greatest common divisor of z and 24.
24
Suppose -4*p + 148 = -4*w, -5*p - 2*w + 130 = -p. What is the greatest common factor of p and 34?
34
Suppose -56 = -4*d + j, 0*d + 2*j + 7 = d. Let o = 155 - 152. Calculate the highest common divisor of o and d.
3
Let r(m) = -2*m**3 - 5*m**2 - 3*m + 4. Let f be r(-4). Suppose -f = y - 5*y. What is the greatest common factor of 4 and y?
4
Let k = -5 + 7. Suppose 2*b - 2 - k = 0. What is the greatest common divisor of 1 and b?
1
Suppose 0 = 4*f + 4*d - 192, 5*f + 6*d - 2*d = 237. Let i be (2*5)/(1 + 1). What is the greatest common factor of i and f?
5
Let y = 30 + 34. What is the greatest common factor of 160 and y?
32
Let p = 294 + -203. Calculate the greatest common factor of 13 and p.
13
Suppose -8 = 2*d, 5*d = 3*k - 0*d - 59. What is the greatest common divisor of 26 and k?
13
Let c = -4 - -8. Suppose -c*o - o = 5*t - 70, t + 16 = o. Calculate the greatest common factor of o and 120.
15
Let v = 21 + 1. Calculate the greatest common divisor of v and 22.
22
Let c = 14 + -2. What is the greatest common factor of 96 and c?
12
Let q = 58 - 3. Let y = q + -10. What is the highest common factor of 5 and y?
5
Let h(y) = 2*y + 1. Let q be h(6). Calculate the highest common factor of 104 and q.
13
Let z(c) = 2*c. Let s be z(5). Suppose -u + 0*u = -s. Suppose -4*i - 601 = -u*v + 5*v, -5*v + i = -589. Calculate the highest common factor of 13 and v.
13
Let h = -9 + 14. Suppose -u - 72 = -h*u. Suppose q = 3*q - u. What is the greatest common factor of q and 81?
9
Let x be ((-1)/(-2)*0)/(-1). Let r be 2 + (-1 - x - -7). Let h = 118 - 54. What is the greatest common factor of h and r?
8
Let w(q) = 7*q + 2